{"id":56323,"date":"2026-03-03T12:12:03","date_gmt":"2026-03-03T15:12:03","guid":{"rendered":"https:\/\/ena.cl\/?page_id=56323"},"modified":"2026-03-26T10:48:39","modified_gmt":"2026-03-26T13:48:39","slug":"home","status":"publish","type":"page","link":"https:\/\/ena.cl\/","title":{"rendered":"Home"},"content":{"rendered":"<div class=\"wpb-content-wrapper\"><p>[vc_row full_width=&#8221;stretch_row&#8221; css=&#8221;.vc_custom_1772799080322{padding-top: 70px !important;padding-bottom: 90px !important;background-color: #f5f5f5 !important;}&#8221;][vc_column][vc_row_inner][vc_column_inner width=&#8221;1\/2&#8243;][vc_single_image image=&#8221;56319&#8243; img_size=&#8221;800&#215;630&#8243; onclick=&#8221;custom_link&#8221; link=&#8221;https:\/\/ena.cl\/?page_id=56426&#8243;][\/vc_column_inner][vc_column_inner width=&#8221;1\/2&#8243;]<div id=\"ultimate-heading-42269f49c2d50506\" class=\"uvc-heading ult-adjust-bottom-margin ultimate-heading-42269f49c2d50506 uvc-1158 titulos-ena\" data-hspacer=\"no_spacer\"  data-halign=\"left\" style=\"text-align:left\"><div class=\"uvc-heading-spacer no_spacer\" style=\"top\"><\/div><div class=\"uvc-main-heading ult-responsive\"  data-ultimate-target='.uvc-heading.ultimate-heading-42269f49c2d50506 h2'  data-responsive-json-new='{\"font-size\":\"desktop:25px;\",\"line-height\":\"desktop:13px;\"}' ><h2 style=\"--font-weight:theme;color:#cc1b20;\">Escuela Nacional de Administraci\u00f3n P\u00fablica<\/h2><\/div><div class=\"uvc-sub-heading ult-responsive\"  data-ultimate-target='.uvc-heading.ultimate-heading-42269f49c2d50506 .uvc-sub-heading '  data-responsive-json-new='{\"font-size\":\"desktop:50px;\",\"line-height\":\"\"}'  style=\"font-weight:normal;color:#222222;\"><\/p>\n<h1>23 a\u00f1os formando profesionales del sector p\u00fablico<\/h1>\n<p><\/div><\/div>[vc_column_text]<\/p>\n<p data-start=\"102\" data-end=\"305\">La Escuela Nacional de Administraci\u00f3n P\u00fablica (ENA) desarrolla programas de formaci\u00f3n orientados a fortalecer las capacidades de instituciones p\u00fablicas y profesionales vinculados a la gesti\u00f3n del Estado.<\/p>\n<p data-start=\"307\" data-end=\"487\">Ofrecemos <strong data-start=\"317\" data-end=\"394\">capacitaci\u00f3n institucional y cursos abiertos en modalidad 100% e-learning<\/strong>, con contenidos actualizados y enfoque aplicado a los desaf\u00edos de la administraci\u00f3n p\u00fablica.<\/p>\n<p data-start=\"489\" data-end=\"659\">Contamos con un <strong data-start=\"505\" data-end=\"585\">Sistema de Gesti\u00f3n de Calidad certificado bajo ISO 9001:2015 y NCh 2728:2015<\/strong>, junto a un equipo acad\u00e9mico con amplia experiencia en el sector p\u00fablico.<\/p>\n<p>[\/vc_column_text][vc_btn title=&#8221;Ver brochure institucional&#8221; style=&#8221;custom&#8221; custom_text=&#8221;#666666&#8243; size=&#8221;lg&#8221; el_class=&#8221;btn-ena&#8221; link=&#8221;url:https%3A%2F%2Fena.cl%2F%3Fpage_id%3D56426&#8243;][\/vc_column_inner][\/vc_row_inner][\/vc_column][\/vc_row][vc_row css=&#8221;.vc_custom_1772746532711{padding-top: 70px !important;padding-bottom: 90px !important;}&#8221;][vc_column]<div id=\"ultimate-heading-836069f49c2d5058b\" class=\"uvc-heading ult-adjust-bottom-margin ultimate-heading-836069f49c2d5058b uvc-7228 titulos-ena\" data-hspacer=\"no_spacer\"  data-halign=\"left\" style=\"text-align:left\"><div class=\"uvc-heading-spacer no_spacer\" style=\"top\"><\/div><div class=\"uvc-main-heading ult-responsive\"  data-ultimate-target='.uvc-heading.ultimate-heading-836069f49c2d5058b h2'  data-responsive-json-new='{\"font-size\":\"desktop:25px;\",\"line-height\":\"desktop:13px;\"}' ><h2 style=\"--font-weight:theme;color:#cc1b20;\">Areas de estudios y programas<\/h2><\/div><div class=\"uvc-sub-heading ult-responsive\"  data-ultimate-target='.uvc-heading.ultimate-heading-836069f49c2d5058b .uvc-sub-heading '  data-responsive-json-new='{\"font-size\":\"desktop:50px;\",\"line-height\":\"\"}'  style=\"font-weight:normal;color:#222222;\"><\/p>\n<h1>Impulsa tu desarrollo en el sector p\u00fablico<\/h1>\n<p><\/div><\/div>[vc_row_inner][vc_column_inner width=&#8221;1\/2&#8243;][vc_column_text]Dise\u00f1amos programas actualizados y aplicados a la realidad del sector p\u00fablico. Nuestro modelo 100% e-learning combina flexibilidad, acompa\u00f1amiento acad\u00e9mico y enfoque pr\u00e1ctico. Formaci\u00f3n pertinente para enfrentar los desaf\u00edos actuales de la gesti\u00f3n p\u00fablica.[\/vc_column_text][\/vc_column_inner][vc_column_inner width=&#8221;1\/2&#8243;][\/vc_column_inner][\/vc_row_inner][vc_row_inner el_id=&#8221;home_areas&#8221;][vc_column_inner width=&#8221;1\/4&#8243;]<style type=\"text\/css\" data-type=\"the7_shortcodes-inline-css\">.shortcode-single-image-wrap.shortcode-single-image-d11772235d0c1544efa2efe0d5c2f2fa.enable-bg-rollover .rollover i,\n.shortcode-single-image-wrap.shortcode-single-image-d11772235d0c1544efa2efe0d5c2f2fa.enable-bg-rollover .rollover-video i {\n  background: -webkit-linear-gradient();\n  background: linear-gradient();\n}\n.shortcode-single-image-wrap.shortcode-single-image-d11772235d0c1544efa2efe0d5c2f2fa .rollover-icon {\n  font-size: 32px;\n  color: #ffffff;\n  min-width: 44px;\n  min-height: 44px;\n  line-height: 44px;\n  border-radius: 100px;\n  border-style: solid;\n  border-width: 0px;\n}\n.dt-icon-bg-on.shortcode-single-image-wrap.shortcode-single-image-d11772235d0c1544efa2efe0d5c2f2fa .rollover-icon {\n  background: rgba(255,255,255,0.3);\n  box-shadow: none;\n}\n<\/style><div class=\"shortcode-single-image-wrap shortcode-single-image-d11772235d0c1544efa2efe0d5c2f2fa alignnone  disable-bg-rollover dt-icon-bg-off scale-img\" style=\"margin-top:0px; margin-bottom:0px; margin-left:0px; margin-right:0px; width:500px;\"><div class=\"shortcode-single-image\"><div class=\"fancy-media-wrap\" style=\"\"><a href=\"https:\/\/ena.cl\/?p=56302\" class=\" layzr-bg rollover\" style=\"\" aria-label=\"Image\"><img fetchpriority=\"high\" decoding=\"async\" class=\"preload-me lazy-load aspect\" src=\"data:image\/svg+xml,%3Csvg%20xmlns%3D&#39;http%3A%2F%2Fwww.w3.org%2F2000%2Fsvg&#39;%20viewBox%3D&#39;0%200%20500%20425&#39;%2F%3E\" data-src=\"https:\/\/ena.cl\/wp-content\/uploads\/2026\/03\/4-500x425.png\" data-srcset=\"https:\/\/ena.cl\/wp-content\/uploads\/2026\/03\/4-500x425.png 500w, https:\/\/ena.cl\/wp-content\/uploads\/2026\/03\/4.png 1000w\" loading=\"eager\" style=\"--ratio: 500 \/ 425\" sizes=\"(max-width: 500px) 100vw, 500px\" width=\"500\" height=\"425\"  data-dt-location=\"https:\/\/ena.cl\/?attachment_id=56381\" alt=\"\" \/><\/a><\/div><\/div><\/div>[\/vc_column_inner][vc_column_inner width=&#8221;1\/4&#8243;]<style type=\"text\/css\" data-type=\"the7_shortcodes-inline-css\">.shortcode-single-image-wrap.shortcode-single-image-56524dcddb8e35eac48d50bb571b4405.enable-bg-rollover .rollover i,\n.shortcode-single-image-wrap.shortcode-single-image-56524dcddb8e35eac48d50bb571b4405.enable-bg-rollover .rollover-video i {\n  background: -webkit-linear-gradient();\n  background: linear-gradient();\n}\n.shortcode-single-image-wrap.shortcode-single-image-56524dcddb8e35eac48d50bb571b4405 .rollover-icon {\n  font-size: 32px;\n  color: #ffffff;\n  min-width: 44px;\n  min-height: 44px;\n  line-height: 44px;\n  border-radius: 100px;\n  border-style: solid;\n  border-width: 0px;\n}\n.dt-icon-bg-on.shortcode-single-image-wrap.shortcode-single-image-56524dcddb8e35eac48d50bb571b4405 .rollover-icon {\n  background: rgba(255,255,255,0.3);\n  box-shadow: none;\n}\n<\/style><div class=\"shortcode-single-image-wrap shortcode-single-image-56524dcddb8e35eac48d50bb571b4405 alignnone  enable-bg-rollover dt-icon-bg-off scale-img\" style=\"margin-top:0px; margin-bottom:0px; margin-left:0px; margin-right:0px; width:500px;\"><div class=\"shortcode-single-image\"><div class=\"fancy-media-wrap\" style=\"\"><a href=\"https:\/\/ena.cl\/?p=55752\" class=\" layzr-bg rollover\" style=\"\" aria-label=\"Image\"><img decoding=\"async\" class=\"preload-me lazy-load aspect\" src=\"data:image\/svg+xml,%3Csvg%20xmlns%3D&#39;http%3A%2F%2Fwww.w3.org%2F2000%2Fsvg&#39;%20viewBox%3D&#39;0%200%20500%20425&#39;%2F%3E\" data-src=\"https:\/\/ena.cl\/wp-content\/uploads\/2026\/03\/1-1-500x425.png\" data-srcset=\"https:\/\/ena.cl\/wp-content\/uploads\/2026\/03\/1-1-500x425.png 500w, https:\/\/ena.cl\/wp-content\/uploads\/2026\/03\/1-1.png 1000w\" loading=\"eager\" style=\"--ratio: 500 \/ 425\" sizes=\"(max-width: 500px) 100vw, 500px\" width=\"500\" height=\"425\"  data-dt-location=\"https:\/\/ena.cl\/?attachment_id=56384\" alt=\"\" \/><\/a><\/div><\/div><\/div>[\/vc_column_inner][vc_column_inner width=&#8221;1\/4&#8243;]<style type=\"text\/css\" data-type=\"the7_shortcodes-inline-css\">.shortcode-single-image-wrap.shortcode-single-image-4cec4e0f47b57e7166d78fd7da72ea3f.enable-bg-rollover .rollover i,\n.shortcode-single-image-wrap.shortcode-single-image-4cec4e0f47b57e7166d78fd7da72ea3f.enable-bg-rollover .rollover-video i {\n  background: -webkit-linear-gradient();\n  background: linear-gradient();\n}\n.shortcode-single-image-wrap.shortcode-single-image-4cec4e0f47b57e7166d78fd7da72ea3f .rollover-icon {\n  font-size: 32px;\n  color: #ffffff;\n  min-width: 44px;\n  min-height: 44px;\n  line-height: 44px;\n  border-radius: 100px;\n  border-style: solid;\n  border-width: 0px;\n}\n.dt-icon-bg-on.shortcode-single-image-wrap.shortcode-single-image-4cec4e0f47b57e7166d78fd7da72ea3f .rollover-icon {\n  background: rgba(255,255,255,0.3);\n  box-shadow: none;\n}\n<\/style><div class=\"shortcode-single-image-wrap shortcode-single-image-4cec4e0f47b57e7166d78fd7da72ea3f alignnone  disable-bg-rollover dt-icon-bg-off scale-img\" style=\"margin-top:0px; margin-bottom:0px; margin-left:0px; margin-right:0px; width:500px;\"><div class=\"shortcode-single-image\"><div class=\"fancy-media-wrap\" style=\"\"><a href=\"https:\/\/ena.cl\/?p=55766\" class=\" layzr-bg rollover\" style=\"\" aria-label=\"Image\"><img decoding=\"async\" class=\"preload-me lazy-load aspect\" src=\"data:image\/svg+xml,%3Csvg%20xmlns%3D&#39;http%3A%2F%2Fwww.w3.org%2F2000%2Fsvg&#39;%20viewBox%3D&#39;0%200%20500%20425&#39;%2F%3E\" data-src=\"https:\/\/ena.cl\/wp-content\/uploads\/2026\/03\/2-1-500x425.png\" data-srcset=\"https:\/\/ena.cl\/wp-content\/uploads\/2026\/03\/2-1-500x425.png 500w, https:\/\/ena.cl\/wp-content\/uploads\/2026\/03\/2-1.png 1000w\" loading=\"eager\" style=\"--ratio: 500 \/ 425\" sizes=\"(max-width: 500px) 100vw, 500px\" width=\"500\" height=\"425\"  data-dt-location=\"https:\/\/ena.cl\/?attachment_id=56385\" alt=\"\" \/><\/a><\/div><\/div><\/div>[\/vc_column_inner][vc_column_inner width=&#8221;1\/4&#8243;]<style type=\"text\/css\" data-type=\"the7_shortcodes-inline-css\">.shortcode-single-image-wrap.shortcode-single-image-3472455507d765e0603131e128206fce.enable-bg-rollover .rollover i,\n.shortcode-single-image-wrap.shortcode-single-image-3472455507d765e0603131e128206fce.enable-bg-rollover .rollover-video i {\n  background: -webkit-linear-gradient();\n  background: linear-gradient();\n}\n.shortcode-single-image-wrap.shortcode-single-image-3472455507d765e0603131e128206fce .rollover-icon {\n  font-size: 32px;\n  color: #ffffff;\n  min-width: 44px;\n  min-height: 44px;\n  line-height: 44px;\n  border-radius: 100px;\n  border-style: solid;\n  border-width: 0px;\n}\n.dt-icon-bg-on.shortcode-single-image-wrap.shortcode-single-image-3472455507d765e0603131e128206fce .rollover-icon {\n  background: rgba(255,255,255,0.3);\n  box-shadow: none;\n}\n<\/style><div class=\"shortcode-single-image-wrap shortcode-single-image-3472455507d765e0603131e128206fce alignnone  enable-bg-rollover dt-icon-bg-off scale-img\" style=\"margin-top:0px; margin-bottom:0px; margin-left:0px; margin-right:0px; width:500px;\"><div class=\"shortcode-single-image\"><div class=\"fancy-media-wrap\" style=\"\"><a href=\"https:\/\/ena.cl\/?p=55758\" class=\" layzr-bg rollover\" style=\"\" aria-label=\"Image\"><img decoding=\"async\" class=\"preload-me lazy-load aspect\" src=\"data:image\/svg+xml,%3Csvg%20xmlns%3D&#39;http%3A%2F%2Fwww.w3.org%2F2000%2Fsvg&#39;%20viewBox%3D&#39;0%200%20500%20425&#39;%2F%3E\" data-src=\"https:\/\/ena.cl\/wp-content\/uploads\/2026\/03\/3-1-500x425.png\" data-srcset=\"https:\/\/ena.cl\/wp-content\/uploads\/2026\/03\/3-1-500x425.png 500w, https:\/\/ena.cl\/wp-content\/uploads\/2026\/03\/3-1.png 1000w\" loading=\"eager\" style=\"--ratio: 500 \/ 425\" sizes=\"(max-width: 500px) 100vw, 500px\" width=\"500\" height=\"425\"  data-dt-location=\"https:\/\/ena.cl\/?attachment_id=56386\" alt=\"\" \/><\/a><\/div><\/div><\/div>[\/vc_column_inner][\/vc_row_inner][\/vc_column][\/vc_row][vc_row full_width=&#8221;stretch_row&#8221; css=&#8221;.vc_custom_1772799022863{padding-top: 70px !important;padding-bottom: 90px !important;background-color: #f5f5f5 !important;}&#8221;][vc_column]<div id=\"ultimate-heading-691169f49c2d54a82\" class=\"uvc-heading ult-adjust-bottom-margin ultimate-heading-691169f49c2d54a82 uvc-2009 titulos-ena\" data-hspacer=\"no_spacer\"  data-halign=\"left\" style=\"text-align:left\"><div class=\"uvc-heading-spacer no_spacer\" style=\"top\"><\/div><div class=\"uvc-main-heading ult-responsive\"  data-ultimate-target='.uvc-heading.ultimate-heading-691169f49c2d54a82 h2'  data-responsive-json-new='{\"font-size\":\"desktop:25px;\",\"line-height\":\"desktop:13px;\"}' ><h2 style=\"--font-weight:theme;color:#cc1b20;\">Trayectoria y confianza institucional<\/h2><\/div><div class=\"uvc-sub-heading ult-responsive\"  data-ultimate-target='.uvc-heading.ultimate-heading-691169f49c2d54a82 .uvc-sub-heading '  data-responsive-json-new='{\"font-size\":\"desktop:50px;\",\"line-height\":\"\"}'  style=\"font-weight:normal;color:#222222;\"><\/p>\n<h1>Instituciones que han confiado en nosotros<\/h1>\n<p><\/div><\/div>[vc_row_inner][vc_column_inner width=&#8221;1\/2&#8243;][vc_column_text]Diversas instituciones del sector p\u00fablico han confiado en ENA para desarrollar competencias estrat\u00e9gicas en sus funcionarios.<br data-start=\"580\" data-end=\"583\" \/>Dise\u00f1amos soluciones formativas alineadas a los desaf\u00edos actuales de la administraci\u00f3n p\u00fablica.[\/vc_column_text][\/vc_column_inner][vc_column_inner width=&#8221;1\/2&#8243;][\/vc_column_inner][\/vc_row_inner]<style type=\"text\/css\" data-type=\"the7_shortcodes-inline-css\">.carousel-shortcode.carousel-shortcode-id-86c1c7fc160ce5b7a251d8202e8fa579.owl-carousel .owl-nav div {\n  width: 36px;\n  height: 36px;\n  border-radius: 500px;\n}\n.dt-arrow-border-on.carousel-shortcode.carousel-shortcode-id-86c1c7fc160ce5b7a251d8202e8fa579.owl-carousel .owl-nav div:not(:hover):before {\n  border-width: 0px;\n}\n.dt-arrow-hover-border-on.carousel-shortcode.carousel-shortcode-id-86c1c7fc160ce5b7a251d8202e8fa579.owl-carousel .owl-nav div:hover:after {\n  border-width: 0px;\n}\n.carousel-shortcode.carousel-shortcode-id-86c1c7fc160ce5b7a251d8202e8fa579.owl-carousel .owl-nav div.owl-prev {\n  top: 50%;\n  transform: translateY(calc(-50% + 0px));\n  left: -43px;\n}\n@media all and (-ms-high-contrast: none) {\n  .carousel-shortcode.carousel-shortcode-id-86c1c7fc160ce5b7a251d8202e8fa579.owl-carousel .owl-nav div.owl-prev {\n    transform: translateY(-50%);\n    margin-top: 0px;\n  }\n}\n.carousel-shortcode.carousel-shortcode-id-86c1c7fc160ce5b7a251d8202e8fa579.owl-carousel .owl-nav div.owl-prev i {\n  padding: 0px 0px 0px 0px;\n}\n.carousel-shortcode.carousel-shortcode-id-86c1c7fc160ce5b7a251d8202e8fa579.owl-carousel .owl-nav div.owl-next {\n  top: 50%;\n  transform: translateY(calc(-50% + 0px));\n  right: -43px;\n}\n@media all and (-ms-high-contrast: none) {\n  .carousel-shortcode.carousel-shortcode-id-86c1c7fc160ce5b7a251d8202e8fa579.owl-carousel .owl-nav div.owl-next {\n    transform: translateY(-50%);\n    margin-top: 0px;\n  }\n}\n.carousel-shortcode.carousel-shortcode-id-86c1c7fc160ce5b7a251d8202e8fa579.owl-carousel .owl-nav div.owl-next i {\n  padding: 0px 0px 0px 0px;\n}\n.carousel-shortcode.carousel-shortcode-id-86c1c7fc160ce5b7a251d8202e8fa579.owl-carousel .owl-nav i {\n  font-size: 18px;\n}\n.carousel-shortcode.carousel-shortcode-id-86c1c7fc160ce5b7a251d8202e8fa579.owl-carousel .owl-nav div:not(:hover) i,\n.carousel-shortcode.carousel-shortcode-id-86c1c7fc160ce5b7a251d8202e8fa579.owl-carousel .owl-nav div:not(:hover) i:before {\n  color: #ffffff;\n  background: none;\n}\n.carousel-shortcode.carousel-shortcode-id-86c1c7fc160ce5b7a251d8202e8fa579.owl-carousel .owl-nav div:hover i,\n.carousel-shortcode.carousel-shortcode-id-86c1c7fc160ce5b7a251d8202e8fa579.owl-carousel .owl-nav div:hover i:before {\n  color: rgba(255,255,255,0.75);\n  background: none;\n}\n.carousel-shortcode.carousel-shortcode-id-86c1c7fc160ce5b7a251d8202e8fa579 .owl-dots {\n  top: calc(100% + 20px);\n  left: 50%;\n  transform: translateX(calc(-50% + 0px));\n}\n@media all and (-ms-high-contrast: none) {\n  .carousel-shortcode.carousel-shortcode-id-86c1c7fc160ce5b7a251d8202e8fa579 .owl-dots {\n    transform: translateX(-50%);\n    margin-left: 0px;\n  }\n}\n.carousel-shortcode.carousel-shortcode-id-86c1c7fc160ce5b7a251d8202e8fa579 .owl-dot {\n  width: 10px;\n  height: 10px;\n  margin: 0 8px;\n}\n@media screen and (max-width: 778px) {\n  .carousel-shortcode.carousel-shortcode-id-86c1c7fc160ce5b7a251d8202e8fa579.hide-arrows .owl-nav a {\n    display: none;\n  }\n}\n@media screen and (max-width: 778px) {\n  .carousel-shortcode.carousel-shortcode-id-86c1c7fc160ce5b7a251d8202e8fa579.reposition-arrows .owl-nav .owl-prev {\n    top: 50%;\n    transform: translateY(calc(-50% + 0px));\n    left: 10px;\n  }\n  .carousel-shortcode.carousel-shortcode-id-86c1c7fc160ce5b7a251d8202e8fa579.reposition-arrows .owl-nav .owl-next {\n    top: 50%;\n    transform: translateY(calc(-50% + 0px));\n    right: 10px;\n  }\n}\n@media screen and (max-width: 778px) and all and (-ms-high-contrast: none) {\n  .carousel-shortcode.carousel-shortcode-id-86c1c7fc160ce5b7a251d8202e8fa579.reposition-arrows .owl-nav .owl-prev {\n    transform: translateY(-50%);\n    margin-top: 0px;\n  }\n}\n@media screen and (max-width: 778px) and all and (-ms-high-contrast: none) {\n  .carousel-shortcode.carousel-shortcode-id-86c1c7fc160ce5b7a251d8202e8fa579.reposition-arrows .owl-nav .owl-next {\n    transform: translateY(-50%);\n    margin-top: 0px;\n  }\n}\n<\/style><div class=\"owl-carousel carousel-shortcode dt-owl-carousel-call carousel-shortcode-id-86c1c7fc160ce5b7a251d8202e8fa579 bullets-small-dot-stroke reposition-arrows arrows-bg-on dt-arrow-border-on dt-arrow-hover-border-on disable-arrows-hover-bg arrows-hover-bg-on  \" data-scroll-mode=\"1\" data-col-num=\"1\" data-wide-col-num=\"1\" data-laptop-col=\"1\" data-h-tablet-columns-num=\"1\" data-v-tablet-columns-num=\"1\" data-phone-columns-num=\"1\" data-auto-height=\"true\" data-col-gap=\"30\" data-stage-padding=\"0\" data-speed=\"600\" data-autoplay=\"true\" data-autoplay_speed=\"3000\" data-arrows=\"true\" data-bullet=\"true\" data-next-icon=\"icon-ar-017-r\" data-prev-icon=\"icon-ar-017-l\">[vc_column_text]<img decoding=\"async\" class=\"alignleft size-full wp-image-56550\" src=\"https:\/\/ena.cl\/wp-content\/uploads\/2026\/03\/logotipos-2.png\" alt=\"\" width=\"100%\" height=\"auto\" srcset=\"https:\/\/ena.cl\/wp-content\/uploads\/2026\/03\/logotipos-2.png 2000w, https:\/\/ena.cl\/wp-content\/uploads\/2026\/03\/logotipos-2-300x120.png 300w, https:\/\/ena.cl\/wp-content\/uploads\/2026\/03\/logotipos-2-1024x410.png 1024w, https:\/\/ena.cl\/wp-content\/uploads\/2026\/03\/logotipos-2-768x307.png 768w, https:\/\/ena.cl\/wp-content\/uploads\/2026\/03\/logotipos-2-1536x614.png 1536w, https:\/\/ena.cl\/wp-content\/uploads\/2026\/03\/logotipos-2-600x240.png 600w\" sizes=\"(max-width: 2000px) 100vw, 2000px\" \/>[\/vc_column_text][vc_column_text]<img decoding=\"async\" class=\"alignleft size-full wp-image-56534\" src=\"https:\/\/ena.cl\/wp-content\/uploads\/2026\/03\/logos-org.png\" alt=\"\" width=\"100%\" height=\"auto\" srcset=\"https:\/\/ena.cl\/wp-content\/uploads\/2026\/03\/logos-org.png 2000w, https:\/\/ena.cl\/wp-content\/uploads\/2026\/03\/logos-org-300x120.png 300w, https:\/\/ena.cl\/wp-content\/uploads\/2026\/03\/logos-org-1024x410.png 1024w, https:\/\/ena.cl\/wp-content\/uploads\/2026\/03\/logos-org-768x307.png 768w, https:\/\/ena.cl\/wp-content\/uploads\/2026\/03\/logos-org-1536x614.png 1536w, https:\/\/ena.cl\/wp-content\/uploads\/2026\/03\/logos-org-600x240.png 600w\" sizes=\"(max-width: 2000px) 100vw, 2000px\" \/>[\/vc_column_text]<\/div>[\/vc_column][\/vc_row][vc_row css=&#8221;.vc_custom_1772746532711{padding-top: 70px !important;padding-bottom: 90px !important;}&#8221;][vc_column][vc_row_inner][vc_column_inner width=&#8221;1\/2&#8243;][vc_single_image image=&#8221;56305&#8243; img_size=&#8221;800&#215;430&#8243;][\/vc_column_inner][vc_column_inner width=&#8221;1\/2&#8243;]<div id=\"ultimate-heading-437369f49c2d54c19\" class=\"uvc-heading ult-adjust-bottom-margin ultimate-heading-437369f49c2d54c19 uvc-1804 titulos-ena\" data-hspacer=\"no_spacer\"  data-halign=\"left\" style=\"text-align:left\"><div class=\"uvc-heading-spacer no_spacer\" style=\"top\"><\/div><div class=\"uvc-main-heading ult-responsive\"  data-ultimate-target='.uvc-heading.ultimate-heading-437369f49c2d54c19 h2'  data-responsive-json-new='{\"font-size\":\"desktop:25px;\",\"line-height\":\"desktop:13px;\"}' ><h2 style=\"--font-weight:theme;color:#cc1b20;\">Matr\u00edcula abierta, nuevo curso taller<\/h2><\/div><div class=\"uvc-sub-heading ult-responsive\"  data-ultimate-target='.uvc-heading.ultimate-heading-437369f49c2d54c19 .uvc-sub-heading '  data-responsive-json-new='{\"font-size\":\"desktop:50px;\",\"line-height\":\"\"}'  style=\"font-weight:normal;color:#222222;\"><\/p>\n<h1 class=\"titulo-curso\">La Defensa en el Procedimiento Disciplinario<\/h1>\n<p><\/div><\/div>[vc_column_text]Dise\u00f1amos programas actualizados y aplicados a la realidad del sector p\u00fablico. Nuestro modelo 100% e-learning combina flexibilidad, acompa\u00f1amiento acad\u00e9mico y enfoque pr\u00e1ctico. Formaci\u00f3n pertinente para enfrentar los desaf\u00edos actuales de la gesti\u00f3n p\u00fablica.[\/vc_column_text][vc_btn title=&#8221;Ver cursos con matr\u00edcula abierta&#8221; style=&#8221;custom&#8221; custom_text=&#8221;#666666&#8243; size=&#8221;lg&#8221; el_class=&#8221;btn-ena&#8221; link=&#8221;url:https%3A%2F%2Fena.cl%2F%3Fp%3D56302&#8243;][\/vc_column_inner][\/vc_row_inner][\/vc_column][\/vc_row]<\/p>\n<\/div>","protected":false},"excerpt":{"rendered":"<p>[vc_row full_width=&#8221;stretch_row&#8221; css=&#8221;.vc_custom_1772799080322{padding-top: 70px !important;padding-bottom: 90px !important;background-color: #f5f5f5 !important;}&#8221;][vc_column][vc_row_inner][vc_column_inner width=&#8221;1\/2&#8243;][vc_single_image image=&#8221;56319&#8243; img_size=&#8221;800&#215;630&#8243; onclick=&#8221;custom_link&#8221; link=&#8221;https:\/\/ena.cl\/?page_id=56426&#8243;][\/vc_column_inner][vc_column_inner width=&#8221;1\/2&#8243;][vc_column_text] La Escuela Nacional de Administraci\u00f3n P\u00fablica (ENA) desarrolla programas de formaci\u00f3n orientados a fortalecer las capacidades de instituciones p\u00fablicas y profesionales vinculados a la gesti\u00f3n del Estado. Ofrecemos capacitaci\u00f3n institucional y cursos abiertos en modalidad 100% e-learning, con contenidos actualizados&hellip;<\/p>\n","protected":false},"author":1,"featured_media":0,"parent":0,"menu_order":0,"comment_status":"closed","ping_status":"closed","template":"","meta":{"footnotes":""},"class_list":["post-56323","page","type-page","status-publish","hentry","description-off"],"_links":{"self":[{"href":"https:\/\/ena.cl\/index.php?rest_route=\/wp\/v2\/pages\/56323","targetHints":{"allow":["GET"]}}],"collection":[{"href":"https:\/\/ena.cl\/index.php?rest_route=\/wp\/v2\/pages"}],"about":[{"href":"https:\/\/ena.cl\/index.php?rest_route=\/wp\/v2\/types\/page"}],"author":[{"embeddable":true,"href":"https:\/\/ena.cl\/index.php?rest_route=\/wp\/v2\/users\/1"}],"replies":[{"embeddable":true,"href":"https:\/\/ena.cl\/index.php?rest_route=%2Fwp%2Fv2%2Fcomments&post=56323"}],"version-history":[{"count":91,"href":"https:\/\/ena.cl\/index.php?rest_route=\/wp\/v2\/pages\/56323\/revisions"}],"predecessor-version":[{"id":56554,"href":"https:\/\/ena.cl\/index.php?rest_route=\/wp\/v2\/pages\/56323\/revisions\/56554"}],"wp:attachment":[{"href":"https:\/\/ena.cl\/index.php?rest_route=%2Fwp%2Fv2%2Fmedia&parent=56323"}],"curies":[{"name":"wp","href":"https:\/\/api.w.org\/{rel}","templated":true}]}}